of 17092.
2, 4273
What are the prime factors of 6142?
2, 37, 83
List the prime factors of 21477.
3, 7159
What are the prime factors of 33484?
2, 11, 761
What are the prime factors of 401?
401
List the prime factors of 1765.
5, 353
List the prime factors of 121.
11
List the prime factors of 7373.
73, 101
What are the prime factors of 7519?
73, 103
What are the prime factors of 16341?
3, 13, 419
List the prime factors of 29639.
107, 277
List the prime factors of 10852.
2, 2713
List the prime factors of 567.
3, 7
List the prime factors of 3821.
3821
List the prime factors of 41797.
7, 853
List the prime factors of 3311.
7, 11, 43
What are the prime factors of 711?
3, 79
What are the prime factors of 5637?
3, 1879
What are the prime factors of 1544?
2, 193
What are the prime factors of 1980?
2, 3, 5, 11
List the prime factors of 370.
2, 5, 37
List the prime factors of 2852.
2, 23, 31
What are the prime factors of 50286?
2, 3, 17, 29
What are the prime factors of 16838?
2, 8419
List the prime factors of 91421.
11, 8311
List the prime factors of 717.
3, 239
What are the prime factors of 2004?
2, 3, 167
What are the prime factors of 2208?
2, 3, 23
List the prime factors of 19663.
7, 53
List the prime factors of 2058.
2, 3, 7
What are the prime factors of 9651?
3, 3217
List the prime factors of 20023.
20023
What are the prime factors of 111825?
3, 5, 7, 71
What are the prime factors of 954?
2, 3, 53
What are the prime factors of 19215?
3, 5, 7, 61
What are the prime factors of 1417?
13, 109
List the prime factors of 706.
2, 353
What are the prime factors of 12758?
2, 6379
What are the prime factors of 3205?
5, 641
What are the prime factors of 60246?
2, 3, 3347
What are the prime factors of 3527?
3527
What are the prime factors of 12235?
5, 2447
List the prime factors of 25191.
3, 311
What are the prime factors of 1350?
2, 3, 5
List the prime factors of 693.
3, 7, 11
List the prime factors of 1361.
1361
List the prime factors of 666.
2, 3, 37
List the prime factors of 25770.
2, 3, 5, 859
List the prime factors of 51093.
3, 7, 811
What are the prime factors of 14639?
14639
What are the prime factors of 9190?
2, 5, 919
List the prime factors of 1860.
2, 3, 5, 31
List the prime factors of 1566.
2, 3, 29
What are the prime factors of 86729?
86729
What are the prime factors of 6521?
6521
What are the prime factors of 288?
2, 3
What are the prime factors of 63991?
89, 719
What are the prime factors of 5591?
5591
List the prime factors of 5813.
5813
List the prime factors of 20970.
2, 3, 5, 233
What are the prime factors of 11718?
2, 3, 7, 31
List the prime factors of 20451.
3, 17, 401
What are the prime factors of 1013?
1013
List the prime factors of 907.
907
What are the prime factors of 1360?
2, 5, 17
List the prime factors of 1149.
3, 383
What are the prime factors of 1499?
1499
List the prime factors of 38002.
2, 19001
What are the prime factors of 95428?
2, 23857
List the prime factors of 3089.
3089
List the prime factors of 441.
3, 7
What are the prime factors of 26659?
53, 503
List the prime factors of 723.
3, 241
List the prime factors of 14528.
2, 227
What are the prime factors of 858?
2, 3, 11, 13
List the prime factors of 23.
23
What are the prime factors of 1202?
2, 601
What are the prime factors of 15146?
2, 7573
List the prime factors of 30229.
19, 37, 43
List the prime factors of 25756.
2, 47, 137
List the prime factors of 7580.
2, 5, 379
List the prime factors of 7407.
3, 823
What are the prime factors of 722?
2, 19
What are the prime factors of 38901?
3, 12967
What are the prime factors of 1392?
2, 3, 29
What are the prime factors of 1514?
2, 757
What are the prime factors of 452?
2, 113
List the prime factors of 265.
5, 53
List the prime factors of 2098.
2, 1049
List the prime factors of 64087.
19, 3373
List the prime factors of 28984.
2, 3623
List the prime factors of 150570.
2, 3, 5, 7, 239
List the prime factors of 1179.
3, 131
What are the prime factors of 17513?
83, 211
List the prime factors of 682.
2, 11, 31
List the prime factors of 24876.
2, 3, 691
List the prime factors of 6930.
2, 3, 5, 7, 11
What are the prime factors of 59533?
37, 1609
What are the prime factors of 25380?
2, 3, 5, 47
List the prime factors of 3582.
2, 3, 199
What are the prime factors of 567?
3, 7
What are the prime factors of 1054?
2, 17, 31
What are the prime factors of 164635?
5, 19, 1733
What are the prime factors of 114?
2, 3, 19
List the prime factors of 3891.
3, 1297
List the prime factors of 47706.
2, 3, 7951
What are the prime factors of 1882?
2, 941
List the prime factors of 50616.
2, 3, 19, 37
List the prime factors of 1679.
23, 73
List the prime factors of 15865.
5, 19, 167
List the prime factors of 673.
673
List the prime factors of 2941.
17, 173
What are the prime factors of 56603?
23, 107
List the prime factors of 865.
5, 173
List the prime factors of 30514.
2, 11, 19, 73
List the prime factors of 6001.
17, 353
List the prime factors of 4875.
3, 5, 13
List the prime factors of 55189.
229, 241
List the prime factors of 10729.
10729
List the prime factors of 53468.
2, 13367
What are the prime factors of 90?
2, 3, 5
List the prime factors of 39054.
2, 3, 23, 283
What are the prime factors of 47644?
2, 43, 277
List the prime factors of 1408.
2, 11
List the prime factors of 1592.
2, 199
What are the prime factors of 7739?
71, 109
List the prime factors of 6287.
6287
What are the prime factors of 47250?
2, 3, 5, 7
What are the prime factors of 899?
29, 31
List the prime factors of 2547.
3, 283
List the prime factors of 129.
3, 43
What are the prime factors of 3573?
3, 397
List the prime factors of 2778.
2, 3, 463
What are the prime factors of 951?
3, 317
What are the prime factors of 19267?
19267
List the prime factors of 2717.
11, 13, 19
List the prime factors of 320.
2, 5
List the prime factors of 31117.
29, 37
List the prime factors of 75457.
61, 1237
What are the prime factors of 24593?
24593
List the prime factors of 6957.
3, 773
What are the prime factors of 47985?
3, 5, 7, 457
What are the prime factors of 680?
2, 5, 17
List the prime factors of 5050.
2, 5, 101
What are the prime factors of 1560?
2, 3, 5, 13
What are the prime factors of 1722?
2, 3, 7, 41
List the prime factors of 1884.
2, 3, 157
List the prime factors of 3582.
2, 3, 199
What are the prime factors of 55140?
2, 3, 5, 919
List the prime factors of 4346.
2, 41, 53
What are the prime factors of 120171?
3, 41, 977
What are the prime factors of 19351?
37, 523
What are the prime factors of 6021?
3, 223
What are the prime factors of 13523?
13523
List the prime factors of 41980.
2, 5, 2099
List the prime factors of 3673.
3673
What are the prime factors of 96169?
17, 5657
List the prime factors of 77562.
2, 3, 31, 139
What are the prime factors of 150148?
2, 37537
What are the prime factors of 3547?
3547
What are the prime factors of 1660?
2, 5, 83
What are the prime factors of 12712?
2, 7, 227
What are the prime factors of 4612?
2, 1153
What are the prime factors of 111896?
2, 71, 197
List the prime factors of 5000.
2, 5
What are the prime factors of 49314?
2, 3, 8219
What are the prime factors of 3?
3
What are the prime factors of 199?
199
List the prime factors of 71803.
59, 1217
What are the prime factors of 136?
2, 17
What are the prime factors of 7918?
2, 37, 107
What are the prime factors of 475?
5, 19
List the prime factors of 1181.
1181
What are the prime factors of 71513?
13, 5501
What are the prime factors of 1238?
2, 619
List the prime factors of 128258.
2, 13, 4933
What are the prime factors of 800?
2, 5
List the prime factors of 5415.
3, 5, 19
What are the prime factors of 1225?
5, 7
What are the prime factors of 146910?
2, 3, 5, 59, 83
What are the prime factors of 14631?
3, 4877
List the prime factors of 3232.
2, 101
List the prime factors of 59379.
3, 19793
List the prime factors of 1178.
2, 19, 31
What are the prime factors of 20760?
2, 3, 5, 173
What are the prime factors of 1198?
2, 599
List the prime factors of 418.
2, 11, 19
What are the prime factors of 4084?
2, 1021
List the prime factors of 1155.
3, 5, 7, 11
What are the prime factors of 1155?
3, 5, 7, 11
What are the prime factors of 11613?
3, 7, 79
List the prime factors of 9458.
2, 4729
List the prime fac